r of 10363 and 40291?
43
Calculate the greatest common factor of 234 and 8710.
26
What is the highest common divisor of 76851 and 18?
9
Calculate the greatest common factor of 13574 and 286.
22
What is the greatest common divisor of 7626 and 9951?
93
Calculate the highest common divisor of 6851 and 2899.
13
Calculate the greatest common factor of 144 and 47496.
24
Calculate the highest common factor of 2004 and 259852.
668
What is the highest common divisor of 109020 and 135?
15
Calculate the greatest common factor of 1980 and 1790415.
495
Calculate the highest common divisor of 214352 and 400.
16
What is the highest common factor of 25284 and 394009?
2107
Calculate the greatest common factor of 19 and 2155607.
19
Calculate the highest common divisor of 1156 and 8908.
68
What is the greatest common factor of 540 and 13014?
54
Calculate the highest common divisor of 236 and 15812.
236
Calculate the greatest common factor of 1832 and 3952.
8
What is the highest common divisor of 342 and 32427?
9
What is the greatest common divisor of 23896 and 3963749?
2987
Calculate the greatest common factor of 4880 and 1586.
122
What is the highest common divisor of 1095860 and 18148?
1396
What is the highest common divisor of 163872 and 4032?
288
What is the highest common divisor of 644170 and 370?
370
Calculate the greatest common factor of 160597 and 82.
41
What is the greatest common divisor of 103142 and 130?
26
Calculate the highest common factor of 261 and 288.
9
Calculate the greatest common factor of 8194284 and 84.
84
Calculate the greatest common divisor of 336 and 1953.
21
Calculate the highest common divisor of 2862 and 90.
18
What is the greatest common divisor of 60880 and 220?
20
What is the highest common factor of 65645 and 95?
95
Calculate the highest common divisor of 4638006 and 108.
54
What is the highest common factor of 119426 and 633?
211
Calculate the greatest common divisor of 7254 and 15066.
558
What is the highest common factor of 229528 and 104?
104
Calculate the highest common divisor of 53506 and 248.
62
Calculate the greatest common divisor of 5634 and 4156014.
1878
What is the greatest common divisor of 51092 and 5543?
241
Calculate the greatest common divisor of 2752 and 2150.
86
Calculate the highest common divisor of 37286 and 22444.
362
Calculate the greatest common factor of 4832091 and 99.
99
Calculate the greatest common factor of 38484 and 612.
36
Calculate the highest common factor of 350417 and 209.
19
Calculate the greatest common factor of 5766 and 18786.
186
What is the highest common factor of 12 and 17268?
12
Calculate the greatest common divisor of 124355 and 462.
77
What is the highest common divisor of 252 and 27153?
63
What is the highest common factor of 197 and 8077788?
197
What is the highest common factor of 178 and 69242?
178
Calculate the greatest common factor of 100698 and 6.
6
Calculate the greatest common divisor of 304 and 48849.
19
Calculate the greatest common factor of 5 and 27805.
5
Calculate the highest common divisor of 33201 and 126.
63
What is the highest common divisor of 288 and 3424?
32
Calculate the highest common factor of 310873 and 586.
293
Calculate the highest common divisor of 14705 and 8477.
173
Calculate the greatest common factor of 210 and 1781290.
70
Calculate the greatest common divisor of 37742 and 334.
334
Calculate the highest common factor of 138818 and 217.
31
What is the greatest common factor of 10706 and 5406?
106
What is the highest common factor of 18403 and 560?
7
Calculate the greatest common factor of 309 and 3403017.
309
What is the greatest common divisor of 113 and 596753?
113
What is the highest common factor of 4236 and 5340?
12
Calculate the greatest common divisor of 425 and 2176.
17
What is the greatest common divisor of 3066 and 672?
42
What is the greatest common factor of 124014 and 9834?
66
Calculate the greatest common divisor of 42 and 389039.
7
What is the greatest common factor of 377013 and 91?
91
Calculate the highest common factor of 158760 and 384.
24
What is the greatest common divisor of 15609 and 209?
11
Calculate the highest common divisor of 38179 and 9344.
73
What is the greatest common factor of 1072326 and 204?
102
What is the highest common factor of 685 and 1480285?
685
Calculate the greatest common divisor of 58650 and 170.
170
Calculate the greatest common factor of 22 and 229.
1
Calculate the greatest common factor of 225 and 101825.
25
What is the highest common factor of 2022 and 42?
6
Calculate the highest common factor of 2754 and 19431.
153
Calculate the greatest common divisor of 1566 and 112288.
58
What is the greatest common factor of 159684 and 42?
42
Calculate the greatest common factor of 15795 and 468.
117
Calculate the highest common divisor of 2156 and 27979.
49
What is the highest common divisor of 2134 and 41096?
22
Calculate the greatest common divisor of 4916 and 10.
2
What is the highest common factor of 137 and 36579?
137
What is the highest common factor of 32982 and 828?
138
What is the greatest common divisor of 11133 and 216?
9
Calculate the greatest common divisor of 3384 and 20351.
47
Calculate the greatest common factor of 54846 and 54.
18
What is the highest common divisor of 1372 and 1715?
343
Calculate the greatest common divisor of 40797 and 918.
27
Calculate the highest common factor of 759536 and 592.
592
Calculate the highest common factor of 22 and 39226.
22
Calculate the greatest common factor of 422 and 5275.
211
Calculate the greatest common factor of 926 and 3278966.
926
What is the greatest common factor of 3828 and 418?
22
Calculate the highest common factor of 374910 and 30.
30
What is the greatest common divisor of 190 and 7382?
2
Calculate the highest common divisor of 3360 and 784.
112
Calculate the highest common divisor of 42 and 169113.
21
What is the greatest common factor of 60526 and 106?
106
What is the highest common divisor of 1003180 and 60?
20
What is the highest common divisor of 1080 and 4570344?
216
Calculate the highest common factor of 3600 and 1007280.
720
Calculate the highest common factor of 101024 and 352.
352
What is the highest common factor of 7464 and 156?
12
Calculate the highest common divisor of 4992 and 86398.
26
What is the greatest common divisor of 186270 and 3990?
210
Calculate the greatest common factor of 306 and 342.
18
Calculate the greatest common divisor of 150 and 34890.
30
Calculate the highest common factor of 2008 and 396078.
502
What is the highest common factor of 10955 and 175?
35
Calculate the greatest common divisor of 550 and 2485450.
550
Calculate the greatest common divisor of 4351 and 760.
19
Calculate the highest common divisor of 14928 and 336.
48
What is the greatest common divisor of 15799 and 148?
37
Calculate the greatest common divisor of 450 and 177600.
150
What is the highest common divisor of 106 and 4119266?
106
Calculate the greatest common factor of 48915 and 20.
5
Calculate the greatest common divisor of 29 and 1188072.
29
What is the greatest common factor of 21 and 2607?
3
What is the greatest common divisor of 76436 and 8730?
194
What is the highest common factor of 160259 and 55?
11
Calculate the highest common divisor of 1872 and 504.
72
What is the highest common factor of 19 and 138833?
19
What is the greatest common factor of 269 and 1626374?
269
Calculate the highest common divisor of 10956 and 1308.
12
Calculate the highest common factor of 372 and 144.
12
Calculate the greatest common divisor of 556840 and 280.
40
What is the highest common factor of 3636 and 645188?
404
What is the greatest common divisor of 267 and 179691?
267
Calculate the greatest common divisor of 11628 and 13053.
57
What is the highest common divisor of 1809 and 729?
27
Calculate the highest common divisor of 10947 and 178.
89
What is the greatest common divisor of 18126 and 741?
57
Calculate the highest common divisor of 201 and 57218.
67
Calculate the highest common factor of 399094 and 1178.
62
Calculate the highest common factor of 232859 and 22.
11
What is the greatest common divisor of 1203 and 3059229?
1203
Calculate the greatest common factor of 1881375 and 25.
25
Calculate the highest common factor of 247264 and 288.
32
